llions digit of 36331046?
3
What is the ten millions digit of 70023021?
7
What is the hundreds digit of 1156420316?
3
What is the millions digit of 322202135?
2
What is the hundred millions digit of 8176206579?
1
What is the tens digit of 1314315402?
0
What is the thousands digit of 264711955?
1
What is the millions digit of 47783194?
7
What is the hundreds digit of 28704168?
1
What is the hundred millions digit of 984836390?
9
What is the tens digit of 1689869507?
0
What is the ten millions digit of 707792541?
0
What is the thousands digit of 398093?
8
What is the hundred millions digit of 366196841?
3
What is the thousands digit of 54437792?
7
What is the units digit of 88200301?
1
What is the hundreds digit of 67978962?
9
What is the hundred thousands digit of 4686954372?
9
What is the hundred thousands digit of 811540181?
5
What is the hundreds digit of 54890170?
1
What is the hundred thousands digit of 471197684?
1
What is the tens digit of 6352486861?
6
What is the thousands digit of 44349432?
9
What is the tens digit of 8106717?
1
What is the hundred millions digit of 274450475?
2
What is the ten thousands digit of 1578839525?
3
What is the units digit of 203188564?
4
What is the millions digit of 19997942?
9
What is the tens digit of 1343331586?
8
What is the millions digit of 6844631?
6
What is the units digit of 410321708?
8
What is the millions digit of 146190097?
6
What is the ten thousands digit of 581598562?
9
What is the tens digit of 41316484?
8
What is the millions digit of 22129800?
2
What is the tens digit of 5074213399?
9
What is the hundreds digit of 760585019?
0
What is the units digit of 32757662?
2
What is the millions digit of 2858365665?
8
What is the ten thousands digit of 53873040?
7
What is the hundred millions digit of 538568271?
5
What is the hundred millions digit of 445786104?
4
What is the units digit of 36078926?
6
What is the thousands digit of 1377270274?
0
What is the tens digit of 7513759578?
7
What is the billions digit of 1263939883?
1
What is the hundreds digit of 917780110?
1
What is the ten millions digit of 32414497?
3
What is the hundred thousands digit of 305645850?
6
What is the ten thousands digit of 18214397?
1
What is the ten millions digit of 446331084?
4
What is the hundred thousands digit of 5644299?
6
What is the hundreds digit of 2006782002?
0
What is the hundreds digit of 99702097?
0
What is the ten millions digit of 4216512546?
1
What is the thousands digit of 197479570?
9
What is the hundred millions digit of 1148387837?
1
What is the ten millions digit of 29530401?
2
What is the millions digit of 65067979?
5
What is the millions digit of 77015687?
7
What is the hundred thousands digit of 207390336?
3
What is the millions digit of 65810867?
5
What is the ten millions digit of 56447368?
5
What is the thousands digit of 315729372?
9
What is the millions digit of 102520490?
2
What is the tens digit of 68782884?
8
What is the ten thousands digit of 7749242763?
4
What is the ten millions digit of 146141538?
4
What is the units digit of 320394005?
5
What is the hundreds digit of 40496753?
7
What is the units digit of 4429097358?
8
What is the hundred millions digit of 232102794?
2
What is the thousands digit of 336633868?
3
What is the hundred millions digit of 376449763?
3
What is the tens digit of 59797669?
6
What is the thousands digit of 241151547?
1
What is the thousands digit of 488842544?
2
What is the thousands digit of 2354310188?
0
What is the thousands digit of 52958194?
8
What is the tens digit of 352728514?
1
What is the hundred thousands digit of 297147941?
1
What is the units digit of 1514660220?
0
What is the hundreds digit of 103077117?
1
What is the hundred millions digit of 205257016?
2
What is the billions digit of 1550626818?
1
What is the units digit of 425594953?
3
What is the thousands digit of 13627658?
7
What is the millions digit of 240307673?
0
What is the ten thousands digit of 1477332841?
3
What is the millions digit of 19517719?
9
What is the hundreds digit of 53966277?
2
What is the hundreds digit of 12836968?
9
What is the thousands digit of 39109282?
9
What is the tens digit of 6587559?
5
What is the hundreds digit of 164481127?
1
What is the hundred millions digit of 999080406?
9
What is the ten thousands digit of 66511386?
1
What is the tens digit of 2461224?
2
What is the billions digit of 1302146125?
1
What is the hundred thousands digit of 5689044987?
0
What is the tens digit of 174004401?
0
What is the thousands digit of 3959291395?
1
What is the ten thousands digit of 510814019?
1
What is the hundreds digit of 3279880283?
2
What is the thousands digit of 98588496?
8
What is the thousands digit of 5103311?
3
What is the thousands digit of 401653634?
3
What is the ten millions digit of 68848284?
6
What is the thousands digit of 129005450?
5
What is the ten thousands digit of 201199387?
9
What is the ten thousands digit of 193293648?
9
What is the billions digit of 5492558926?
5
What is the ten thousands digit of 759125586?
2
What is the thousands digit of 322922500?
2
What is the millions digit of 154854865?
4
What is the tens digit of 4425194825?
2
What is the hundred millions digit of 608032133?
6
What is the ten thousands digit of 475591032?
9
What is the tens digit of 6965846665?
6
What is the thousands digit of 270095036?
5
What is the hundred millions digit of 8625886731?
6
What is the tens digit of 2275334528?
2
What is the hundred thousands digit of 2475173654?
1
What is the units digit of 39786668?
8
What is the hundreds digit of 363097964?
9
What is the hundred thousands digit of 2414053918?
0
What is the millions digit of 3913590818?
3
What is the hundred millions digit of 955833667?
9
What is the ten thousands digit of 119176322?
7
What is the tens digit of 26667277?
7
What is the units digit of 13662165?
5
What is the millions digit of 3177408693?
7
What is the millions digit of 35641736?
5
What is the units digit of 1265188688?
8
What is the tens digit of 354357884?
8
What is the units digit of 670366553?
3
What is the hundred millions digit of 3636101715?
6
What is the tens digit of 170289159?
5
What is the units digit of 174180921?
1
What is the hundred thousands digit of 122925415?
9
What is the ten thousands digit of 141607902?
0
What is the millions digit of 1331262?
1
What is the hundreds digit of 48730962?
9
What is the ten millions digit of 11046737?
1
What is the thousands digit of 362905907?
5
What is the units digit of 202385003?
3
What is the hundred thousands digit of 85814296?
8
What is the millions digit of 363784525?
3
What is the ten thousands digit of 28752822?
5
What is the ten millions digit of 60999774?
6
What is the hundred thousands digit of 52438480?
4
What is the units digit of 3123127811?
1
What is the millions digit of 495449445?
5
What is the millions digit of 134114689?
4
What is the units digit of 49619257?
7
What is the thousands digit of 178484471?
4
What is the ten millions digit of 190671166?
9
What is the hundred thousands digit of 39621406?
6
What is the hundreds digit of 398196411?
4
What is the thousands digit of 165996142?
6
What is the hundreds digit of 101027409?
4
What is the ten millions digit of 1923571985?
2
What is the millions digit of 225353653?
5
What is the millions digit of 31689624?
1
What is the thousands digit of 6429828131?
8
What is the hundreds digit of 101729698?
6
What is the units digit of 5613905245?
5
What is the hundred thousands digit of 1552025896?
0
What is the hundred thousands digit of 662304529?
3
What is the millions digit of 401816359?
1
What is the units digit of 72370807?
7
What is the ten thousands digit of 349036995?
3
What is the hundred millions digit of 5164191918?
1
What is the thousands digit of 28675982?
5
What is the units digit of 143640811?
1
What is the units digit of 12306289?
9
What is the hundreds digit of 3647524935?
9
What is the ten millions digit of 142481463?
4
What is the hundred thousands digit of 15391216?
3
What is the ten millions digit of 184959848?
8
What is the hundred millions digit of 399040557?
3
What is the tens digit of 153507205?
0
What is the thousands digit of 828152148?
2
What is the billions digit of 1030270795?
1
What is the